{"id":1593,"date":"2022-11-22T13:29:13","date_gmt":"2022-11-22T16:29:13","guid":{"rendered":"https:\/\/skymedia2.works\/cedel\/formacion\/minor-en-desarrollo-sustentable-2\/"},"modified":"2025-11-04T12:16:23","modified_gmt":"2025-11-04T15:16:23","slug":"minor-en-desarrollo-sustentable-2","status":"publish","type":"formacion","link":"https:\/\/centrodesarrollolocal.uc.cl\/en\/formacion\/minor-en-desarrollo-sustentable-2\/","title":{"rendered":"Minor en Desarrollo Sustentable"},"content":{"rendered":"","protected":false},"featured_media":0,"template":"","class_list":["post-1593","formacion","type-formacion","status-publish","hentry"],"acf":[],"yoast_head":"<!-- This site is optimized with the Yoast SEO plugin v24.6 - https:\/\/yoast.com\/wordpress\/plugins\/seo\/ -->\n<title>Minor en Desarrollo Sustentable<\/title>\n<meta name=\"description\" content=\"Conoce los programas de formaci\u00f3n que como Centro UC de Desarrollo Local apoyamos desde su planificaci\u00f3n hasta su ejecuci\u00f3n.\" \/>\n<meta name=\"robots\" content=\"index, follow, max-snippet:-1, max-image-preview:large, max-video-preview:-1\" \/>\n<link rel=\"canonical\" href=\"https:\/\/centrodesarrollolocal.uc.cl\/en\/formacion\/minor-en-desarrollo-sustentable-2\/\" \/>\n<meta property=\"og:locale\" content=\"en_US\" \/>\n<meta property=\"og:type\" content=\"article\" \/>\n<meta property=\"og:title\" content=\"Minor en Desarrollo Sustentable\" \/>\n<meta property=\"og:description\" content=\"Conoce los programas de formaci\u00f3n que como Centro UC de Desarrollo Local apoyamos desde su planificaci\u00f3n hasta su ejecuci\u00f3n.\" \/>\n<meta property=\"og:url\" content=\"https:\/\/centrodesarrollolocal.uc.cl\/en\/formacion\/minor-en-desarrollo-sustentable-2\/\" \/>\n<meta property=\"og:site_name\" content=\"Centro UC Desarrollo Local\" \/>\n<meta property=\"article:modified_time\" content=\"2025-11-04T15:16:23+00:00\" \/>\n<meta name=\"twitter:card\" content=\"summary_large_image\" \/>\n<script type=\"application\/ld+json\" class=\"yoast-schema-graph\">{\"@context\":\"https:\/\/schema.org\",\"@graph\":[{\"@type\":\"WebPage\",\"@id\":\"https:\/\/centrodesarrollolocal.uc.cl\/en\/formacion\/minor-en-desarrollo-sustentable-2\/\",\"url\":\"https:\/\/centrodesarrollolocal.uc.cl\/en\/formacion\/minor-en-desarrollo-sustentable-2\/\",\"name\":\"Minor en Desarrollo Sustentable\",\"isPartOf\":{\"@id\":\"https:\/\/centrodesarrollolocal.uc.cl\/#website\"},\"datePublished\":\"2022-11-22T16:29:13+00:00\",\"dateModified\":\"2025-11-04T15:16:23+00:00\",\"description\":\"Conoce los programas de formaci\u00f3n que como Centro UC de Desarrollo Local apoyamos desde su planificaci\u00f3n hasta su ejecuci\u00f3n.\",\"breadcrumb\":{\"@id\":\"https:\/\/centrodesarrollolocal.uc.cl\/en\/formacion\/minor-en-desarrollo-sustentable-2\/#breadcrumb\"},\"inLanguage\":\"en-US\",\"potentialAction\":[{\"@type\":\"ReadAction\",\"target\":[\"https:\/\/centrodesarrollolocal.uc.cl\/en\/formacion\/minor-en-desarrollo-sustentable-2\/\"]}]},{\"@type\":\"BreadcrumbList\",\"@id\":\"https:\/\/centrodesarrollolocal.uc.cl\/en\/formacion\/minor-en-desarrollo-sustentable-2\/#breadcrumb\",\"itemListElement\":[{\"@type\":\"ListItem\",\"position\":1,\"name\":\"Portada\",\"item\":\"https:\/\/centrodesarrollolocal.uc.cl\/\"},{\"@type\":\"ListItem\",\"position\":2,\"name\":\"Formaci\u00f3n\",\"item\":\"https:\/\/centrodesarrollolocal.uc.cl\/formacion\/\"},{\"@type\":\"ListItem\",\"position\":3,\"name\":\"Minor en Desarrollo Sustentable\"}]},{\"@type\":\"WebSite\",\"@id\":\"https:\/\/centrodesarrollolocal.uc.cl\/#website\",\"url\":\"https:\/\/centrodesarrollolocal.uc.cl\/\",\"name\":\"Centro UC Desarrollo Local\",\"description\":\"Creemos en la importancia de promover y facilitar la sustentabilidad local en una era global\",\"potentialAction\":[{\"@type\":\"SearchAction\",\"target\":{\"@type\":\"EntryPoint\",\"urlTemplate\":\"https:\/\/centrodesarrollolocal.uc.cl\/?s={search_term_string}\"},\"query-input\":{\"@type\":\"PropertyValueSpecification\",\"valueRequired\":true,\"valueName\":\"search_term_string\"}}],\"inLanguage\":\"en-US\"}]}<\/script>\n<!-- \/ Yoast SEO plugin. -->","yoast_head_json":{"title":"Minor en Desarrollo Sustentable","description":"Conoce los programas de formaci\u00f3n que como Centro UC de Desarrollo Local apoyamos desde su planificaci\u00f3n hasta su ejecuci\u00f3n.","robots":{"index":"index","follow":"follow","max-snippet":"max-snippet:-1","max-image-preview":"max-image-preview:large","max-video-preview":"max-video-preview:-1"},"canonical":"https:\/\/centrodesarrollolocal.uc.cl\/en\/formacion\/minor-en-desarrollo-sustentable-2\/","og_locale":"en_US","og_type":"article","og_title":"Minor en Desarrollo Sustentable","og_description":"Conoce los programas de formaci\u00f3n que como Centro UC de Desarrollo Local apoyamos desde su planificaci\u00f3n hasta su ejecuci\u00f3n.","og_url":"https:\/\/centrodesarrollolocal.uc.cl\/en\/formacion\/minor-en-desarrollo-sustentable-2\/","og_site_name":"Centro UC Desarrollo Local","article_modified_time":"2025-11-04T15:16:23+00:00","twitter_card":"summary_large_image","schema":{"@context":"https:\/\/schema.org","@graph":[{"@type":"WebPage","@id":"https:\/\/centrodesarrollolocal.uc.cl\/en\/formacion\/minor-en-desarrollo-sustentable-2\/","url":"https:\/\/centrodesarrollolocal.uc.cl\/en\/formacion\/minor-en-desarrollo-sustentable-2\/","name":"Minor en Desarrollo Sustentable","isPartOf":{"@id":"https:\/\/centrodesarrollolocal.uc.cl\/#website"},"datePublished":"2022-11-22T16:29:13+00:00","dateModified":"2025-11-04T15:16:23+00:00","description":"Conoce los programas de formaci\u00f3n que como Centro UC de Desarrollo Local apoyamos desde su planificaci\u00f3n hasta su ejecuci\u00f3n.","breadcrumb":{"@id":"https:\/\/centrodesarrollolocal.uc.cl\/en\/formacion\/minor-en-desarrollo-sustentable-2\/#breadcrumb"},"inLanguage":"en-US","potentialAction":[{"@type":"ReadAction","target":["https:\/\/centrodesarrollolocal.uc.cl\/en\/formacion\/minor-en-desarrollo-sustentable-2\/"]}]},{"@type":"BreadcrumbList","@id":"https:\/\/centrodesarrollolocal.uc.cl\/en\/formacion\/minor-en-desarrollo-sustentable-2\/#breadcrumb","itemListElement":[{"@type":"ListItem","position":1,"name":"Portada","item":"https:\/\/centrodesarrollolocal.uc.cl\/"},{"@type":"ListItem","position":2,"name":"Formaci\u00f3n","item":"https:\/\/centrodesarrollolocal.uc.cl\/formacion\/"},{"@type":"ListItem","position":3,"name":"Minor en Desarrollo Sustentable"}]},{"@type":"WebSite","@id":"https:\/\/centrodesarrollolocal.uc.cl\/#website","url":"https:\/\/centrodesarrollolocal.uc.cl\/","name":"Centro UC Desarrollo Local","description":"Creemos en la importancia de promover y facilitar la sustentabilidad local en una era global","potentialAction":[{"@type":"SearchAction","target":{"@type":"EntryPoint","urlTemplate":"https:\/\/centrodesarrollolocal.uc.cl\/?s={search_term_string}"},"query-input":{"@type":"PropertyValueSpecification","valueRequired":true,"valueName":"search_term_string"}}],"inLanguage":"en-US"}]}},"_links":{"self":[{"href":"https:\/\/centrodesarrollolocal.uc.cl\/en\/wp-json\/wp\/v2\/formacion\/1593","targetHints":{"allow":["GET"]}}],"collection":[{"href":"https:\/\/centrodesarrollolocal.uc.cl\/en\/wp-json\/wp\/v2\/formacion"}],"about":[{"href":"https:\/\/centrodesarrollolocal.uc.cl\/en\/wp-json\/wp\/v2\/types\/formacion"}],"wp:attachment":[{"href":"https:\/\/centrodesarrollolocal.uc.cl\/en\/wp-json\/wp\/v2\/media?parent=1593"}],"curies":[{"name":"wp","href":"https:\/\/api.w.org\/{rel}","templated":true}]}}

<!-- This site is optimized with the Yoast SEO plugin v24.6 - https://yoast.com/wordpress/plugins/seo/ -->
<title>Minor en Desarrollo Sustentable</title>
<meta name="description" content="Conoce los programas de formación que como Centro UC de Desarrollo Local apoyamos desde su planificación hasta su ejecución." />
<meta name="robots" content="index, follow, max-snippet:-1, max-image-preview:large, max-video-preview:-1" />
<link rel="canonical" href="https://centrodesarrollolocal.uc.cl/en/formacion/minor-en-desarrollo-sustentable-2/" />
<meta property="og:locale" content="en_US" />
<meta property="og:type" content="article" />
<meta property="og:title" content="Minor en Desarrollo Sustentable" />
<meta property="og:description" content="Conoce los programas de formación que como Centro UC de Desarrollo Local apoyamos desde su planificación hasta su ejecución." />
<meta property="og:url" content="https://centrodesarrollolocal.uc.cl/en/formacion/minor-en-desarrollo-sustentable-2/" />
<meta property="og:site_name" content="Centro UC Desarrollo Local" />
<meta property="article:modified_time" content="2025-11-04T15:16:23+00:00" />
<meta name="twitter:card" content="summary_large_image" />
<script type="application/ld+json" class="yoast-schema-graph">{"@context":"https://schema.org","@graph":[{"@type":"WebPage","@id":"https://centrodesarrollolocal.uc.cl/en/formacion/minor-en-desarrollo-sustentable-2/","url":"https://centrodesarrollolocal.uc.cl/en/formacion/minor-en-desarrollo-sustentable-2/","name":"Minor en Desarrollo Sustentable","isPartOf":{"@id":"https://centrodesarrollolocal.uc.cl/#website"},"datePublished":"2022-11-22T16:29:13+00:00","dateModified":"2025-11-04T15:16:23+00:00","description":"Conoce los programas de formación que como Centro UC de Desarrollo Local apoyamos desde su planificación hasta su ejecución.","breadcrumb":{"@id":"https://centrodesarrollolocal.uc.cl/en/formacion/minor-en-desarrollo-sustentable-2/#breadcrumb"},"inLanguage":"en-US","potentialAction":[{"@type":"ReadAction","target":["https://centrodesarrollolocal.uc.cl/en/formacion/minor-en-desarrollo-sustentable-2/"]}]},{"@type":"BreadcrumbList","@id":"https://centrodesarrollolocal.uc.cl/en/formacion/minor-en-desarrollo-sustentable-2/#breadcrumb","itemListElement":[{"@type":"ListItem","position":1,"name":"Portada","item":"https://centrodesarrollolocal.uc.cl/"},{"@type":"ListItem","position":2,"name":"Formación","item":"https://centrodesarrollolocal.uc.cl/formacion/"},{"@type":"ListItem","position":3,"name":"Minor en Desarrollo Sustentable"}]},{"@type":"WebSite","@id":"https://centrodesarrollolocal.uc.cl/#website","url":"https://centrodesarrollolocal.uc.cl/","name":"Centro UC Desarrollo Local","description":"Creemos en la importancia de promover y facilitar la sustentabilidad local en una era global","potentialAction":[{"@type":"SearchAction","target":{"@type":"EntryPoint","urlTemplate":"https://centrodesarrollolocal.uc.cl/?s={search_term_string}"},"query-input":{"@type":"PropertyValueSpecification","valueRequired":true,"valueName":"search_term_string"}}],"inLanguage":"en-US"}]}</script>
<!-- / Yoast SEO plugin. -->

Conoce los programas de formación que como Centro UC de Desarrollo Local apoyamos desde su planificación hasta su ejecución.

Formación
