{"id":1524,"date":"2022-11-17T13:51:44","date_gmt":"2022-11-17T16:51:44","guid":{"rendered":"http:\/\/skymedia2.works\/cedel\/equipo\/cristian-simonetti\/"},"modified":"2022-12-12T14:16:22","modified_gmt":"2022-12-12T17:16:22","slug":"cristian-simonetti","status":"publish","type":"equipo","link":"https:\/\/centrodesarrollolocal.uc.cl\/en\/equipo\/cristian-simonetti\/","title":{"rendered":"Cristian Simonetti"},"content":{"rendered":"<p>Antes de integrarme al Programa de Antropolog\u00eda UC, complet\u00e9 en 2012 un doctorado en Antropolog\u00eda Social en la Universidad de Aberdeen, Escocia. El proyecto consisti\u00f3 en un estudio antropol\u00f3gico de arque\u00f3logos y otros cient\u00edficos relacionados, tanto en tierra como en agua, el cual muestra c\u00f3mo sus entendimientos del tiempo son formados a trav\u00e9s de los movimientos y gestos corporales que \u00e9stos cient\u00edficos despliegan en el trascurso de su pr\u00e1ctica, a medida que interact\u00faan con las fuerzas del ambiente. Luego de completar mi doctorado, comenc\u00e9 un proyecto postdoctoral sobre \u2018Concepciones de tiempo en el estudio interdisciplinar del cambio clim\u00e1tico\u2019, cuyos resultados a\u00fan me encuentro trabajando. Este proyecto ha sido desarrollado bajo el programa \u2018Fragilidad, Adaptaci\u00f3n y Resiliencia en el Norte Circumpolar\u2019, uno de cuatro programas financiados por el \u2018Proyecto del Norte\u2019 de la Universidad de Aberdeen, generado con el objetivo de establecer colaboraciones interdisciplinarias en ambientes circumpolares. M\u00e1s recientemente, nuevamente con colegas de la Universidad de Aberdeen, me he involucrado en colaboraciones entre las ciencias, las artes y las humanidades con el objetivo de explorar las propiedades ambientales de materiales relevantes para el Antropoceno, tales como el concreto y el hielo glacial. En este tema lidero actualmente los proyectos Solid Fluids in the Anthropocene (junto a Tim Ingold) y Futuros Concretos, financiados respectivamente por el British Academy for the Humanities and Social Sciences y el Fondo Nacional de Desarrollo Cient\u00edfico y Tecnol\u00f3gico (Fondecyt, Chile).<\/p>\n","protected":false},"featured_media":906,"template":"","lineas_de_accion":[],"areas":[63],"class_list":["post-1524","equipo","type-equipo","status-publish","has-post-thumbnail","hentry","areas-investigadores"],"acf":[],"yoast_head":"<!-- This site is optimized with the Yoast SEO plugin v24.6 - https:\/\/yoast.com\/wordpress\/plugins\/seo\/ -->\n<title>Cristian Simonetti<\/title>\n<meta name=\"description\" content=\"El Centro UC de Desarrollo Local est\u00e1 compuesto por un equipo de profesionales y acad\u00e9micos que dan forma a la misi\u00f3n que tenemos como Centro.\" \/>\n<meta name=\"robots\" content=\"index, follow, max-snippet:-1, max-image-preview:large, max-video-preview:-1\" \/>\n<link rel=\"canonical\" href=\"https:\/\/centrodesarrollolocal.uc.cl\/equipo\/cristian-simonetti\/\" \/>\n<meta property=\"og:locale\" content=\"en_US\" \/>\n<meta property=\"og:type\" content=\"article\" \/>\n<meta property=\"og:title\" content=\"Cristian Simonetti\" \/>\n<meta property=\"og:description\" content=\"El Centro UC de Desarrollo Local est\u00e1 compuesto por un equipo de profesionales y acad\u00e9micos que dan forma a la misi\u00f3n que tenemos como Centro.\" \/>\n<meta property=\"og:url\" content=\"https:\/\/centrodesarrollolocal.uc.cl\/equipo\/cristian-simonetti\/\" \/>\n<meta property=\"og:site_name\" content=\"Centro UC Desarrollo Local\" \/>\n<meta property=\"article:modified_time\" content=\"2022-12-12T17:16:22+00:00\" \/>\n<meta property=\"og:image\" content=\"https:\/\/centrodesarrollolocal.uc.cl\/wp-content\/uploads\/2022\/11\/WEB_Cristian-Simonetti.png\" \/>\n\t<meta property=\"og:image:width\" content=\"1000\" \/>\n\t<meta property=\"og:image:height\" content=\"1000\" \/>\n\t<meta property=\"og:image:type\" content=\"image\/png\" \/>\n<meta name=\"twitter:card\" content=\"summary_large_image\" \/>\n<meta name=\"twitter:label1\" content=\"Est. reading time\" \/>\n\t<meta name=\"twitter:data1\" content=\"1 minute\" \/>\n<script type=\"application\/ld+json\" class=\"yoast-schema-graph\">{\"@context\":\"https:\/\/schema.org\",\"@graph\":[{\"@type\":\"WebPage\",\"@id\":\"https:\/\/centrodesarrollolocal.uc.cl\/equipo\/cristian-simonetti\/\",\"url\":\"https:\/\/centrodesarrollolocal.uc.cl\/equipo\/cristian-simonetti\/\",\"name\":\"Cristian Simonetti\",\"isPartOf\":{\"@id\":\"https:\/\/centrodesarrollolocal.uc.cl\/#website\"},\"primaryImageOfPage\":{\"@id\":\"https:\/\/centrodesarrollolocal.uc.cl\/equipo\/cristian-simonetti\/#primaryimage\"},\"image\":{\"@id\":\"https:\/\/centrodesarrollolocal.uc.cl\/equipo\/cristian-simonetti\/#primaryimage\"},\"thumbnailUrl\":\"https:\/\/centrodesarrollolocal.uc.cl\/wp-content\/uploads\/2022\/11\/WEB_Cristian-Simonetti.png\",\"datePublished\":\"2022-11-17T16:51:44+00:00\",\"dateModified\":\"2022-12-12T17:16:22+00:00\",\"description\":\"El Centro UC de Desarrollo Local est\u00e1 compuesto por un equipo de profesionales y acad\u00e9micos que dan forma a la misi\u00f3n que tenemos como Centro.\",\"breadcrumb\":{\"@id\":\"https:\/\/centrodesarrollolocal.uc.cl\/equipo\/cristian-simonetti\/#breadcrumb\"},\"inLanguage\":\"en-US\",\"potentialAction\":[{\"@type\":\"ReadAction\",\"target\":[\"https:\/\/centrodesarrollolocal.uc.cl\/equipo\/cristian-simonetti\/\"]}]},{\"@type\":\"ImageObject\",\"inLanguage\":\"en-US\",\"@id\":\"https:\/\/centrodesarrollolocal.uc.cl\/equipo\/cristian-simonetti\/#primaryimage\",\"url\":\"https:\/\/centrodesarrollolocal.uc.cl\/wp-content\/uploads\/2022\/11\/WEB_Cristian-Simonetti.png\",\"contentUrl\":\"https:\/\/centrodesarrollolocal.uc.cl\/wp-content\/uploads\/2022\/11\/WEB_Cristian-Simonetti.png\",\"width\":1000,\"height\":1000},{\"@type\":\"BreadcrumbList\",\"@id\":\"https:\/\/centrodesarrollolocal.uc.cl\/equipo\/cristian-simonetti\/#breadcrumb\",\"itemListElement\":[{\"@type\":\"ListItem\",\"position\":1,\"name\":\"Portada\",\"item\":\"https:\/\/centrodesarrollolocal.uc.cl\/\"},{\"@type\":\"ListItem\",\"position\":2,\"name\":\"Cristian Simonetti\"}]},{\"@type\":\"WebSite\",\"@id\":\"https:\/\/centrodesarrollolocal.uc.cl\/#website\",\"url\":\"https:\/\/centrodesarrollolocal.uc.cl\/\",\"name\":\"Centro UC Desarrollo Local\",\"description\":\"Creemos en la importancia de promover y facilitar la sustentabilidad local en una era global\",\"potentialAction\":[{\"@type\":\"SearchAction\",\"target\":{\"@type\":\"EntryPoint\",\"urlTemplate\":\"https:\/\/centrodesarrollolocal.uc.cl\/?s={search_term_string}\"},\"query-input\":{\"@type\":\"PropertyValueSpecification\",\"valueRequired\":true,\"valueName\":\"search_term_string\"}}],\"inLanguage\":\"en-US\"}]}<\/script>\n<!-- \/ Yoast SEO plugin. -->","yoast_head_json":{"title":"Cristian Simonetti","description":"El Centro UC de Desarrollo Local est\u00e1 compuesto por un equipo de profesionales y acad\u00e9micos que dan forma a la misi\u00f3n que tenemos como Centro.","robots":{"index":"index","follow":"follow","max-snippet":"max-snippet:-1","max-image-preview":"max-image-preview:large","max-video-preview":"max-video-preview:-1"},"canonical":"https:\/\/centrodesarrollolocal.uc.cl\/equipo\/cristian-simonetti\/","og_locale":"en_US","og_type":"article","og_title":"Cristian Simonetti","og_description":"El Centro UC de Desarrollo Local est\u00e1 compuesto por un equipo de profesionales y acad\u00e9micos que dan forma a la misi\u00f3n que tenemos como Centro.","og_url":"https:\/\/centrodesarrollolocal.uc.cl\/equipo\/cristian-simonetti\/","og_site_name":"Centro UC Desarrollo Local","article_modified_time":"2022-12-12T17:16:22+00:00","og_image":[{"width":1000,"height":1000,"url":"https:\/\/centrodesarrollolocal.uc.cl\/wp-content\/uploads\/2022\/11\/WEB_Cristian-Simonetti.png","type":"image\/png"}],"twitter_card":"summary_large_image","twitter_misc":{"Est. reading time":"1 minute"},"schema":{"@context":"https:\/\/schema.org","@graph":[{"@type":"WebPage","@id":"https:\/\/centrodesarrollolocal.uc.cl\/equipo\/cristian-simonetti\/","url":"https:\/\/centrodesarrollolocal.uc.cl\/equipo\/cristian-simonetti\/","name":"Cristian Simonetti","isPartOf":{"@id":"https:\/\/centrodesarrollolocal.uc.cl\/#website"},"primaryImageOfPage":{"@id":"https:\/\/centrodesarrollolocal.uc.cl\/equipo\/cristian-simonetti\/#primaryimage"},"image":{"@id":"https:\/\/centrodesarrollolocal.uc.cl\/equipo\/cristian-simonetti\/#primaryimage"},"thumbnailUrl":"https:\/\/centrodesarrollolocal.uc.cl\/wp-content\/uploads\/2022\/11\/WEB_Cristian-Simonetti.png","datePublished":"2022-11-17T16:51:44+00:00","dateModified":"2022-12-12T17:16:22+00:00","description":"El Centro UC de Desarrollo Local est\u00e1 compuesto por un equipo de profesionales y acad\u00e9micos que dan forma a la misi\u00f3n que tenemos como Centro.","breadcrumb":{"@id":"https:\/\/centrodesarrollolocal.uc.cl\/equipo\/cristian-simonetti\/#breadcrumb"},"inLanguage":"en-US","potentialAction":[{"@type":"ReadAction","target":["https:\/\/centrodesarrollolocal.uc.cl\/equipo\/cristian-simonetti\/"]}]},{"@type":"ImageObject","inLanguage":"en-US","@id":"https:\/\/centrodesarrollolocal.uc.cl\/equipo\/cristian-simonetti\/#primaryimage","url":"https:\/\/centrodesarrollolocal.uc.cl\/wp-content\/uploads\/2022\/11\/WEB_Cristian-Simonetti.png","contentUrl":"https:\/\/centrodesarrollolocal.uc.cl\/wp-content\/uploads\/2022\/11\/WEB_Cristian-Simonetti.png","width":1000,"height":1000},{"@type":"BreadcrumbList","@id":"https:\/\/centrodesarrollolocal.uc.cl\/equipo\/cristian-simonetti\/#breadcrumb","itemListElement":[{"@type":"ListItem","position":1,"name":"Portada","item":"https:\/\/centrodesarrollolocal.uc.cl\/"},{"@type":"ListItem","position":2,"name":"Cristian Simonetti"}]},{"@type":"WebSite","@id":"https:\/\/centrodesarrollolocal.uc.cl\/#website","url":"https:\/\/centrodesarrollolocal.uc.cl\/","name":"Centro UC Desarrollo Local","description":"Creemos en la importancia de promover y facilitar la sustentabilidad local en una era global","potentialAction":[{"@type":"SearchAction","target":{"@type":"EntryPoint","urlTemplate":"https:\/\/centrodesarrollolocal.uc.cl\/?s={search_term_string}"},"query-input":{"@type":"PropertyValueSpecification","valueRequired":true,"valueName":"search_term_string"}}],"inLanguage":"en-US"}]}},"_links":{"self":[{"href":"https:\/\/centrodesarrollolocal.uc.cl\/en\/wp-json\/wp\/v2\/equipo\/1524","targetHints":{"allow":["GET"]}}],"collection":[{"href":"https:\/\/centrodesarrollolocal.uc.cl\/en\/wp-json\/wp\/v2\/equipo"}],"about":[{"href":"https:\/\/centrodesarrollolocal.uc.cl\/en\/wp-json\/wp\/v2\/types\/equipo"}],"wp:featuredmedia":[{"embeddable":true,"href":"https:\/\/centrodesarrollolocal.uc.cl\/en\/wp-json\/wp\/v2\/media\/906"}],"wp:attachment":[{"href":"https:\/\/centrodesarrollolocal.uc.cl\/en\/wp-json\/wp\/v2\/media?parent=1524"}],"wp:term":[{"taxonomy":"lineas_de_accion","embeddable":true,"href":"https:\/\/centrodesarrollolocal.uc.cl\/en\/wp-json\/wp\/v2\/lineas_de_accion?post=1524"},{"taxonomy":"areas","embeddable":true,"href":"https:\/\/centrodesarrollolocal.uc.cl\/en\/wp-json\/wp\/v2\/areas?post=1524"}],"curies":[{"name":"wp","href":"https:\/\/api.w.org\/{rel}","templated":true}]}}

<p>Antes de integrarme al Programa de Antropología UC, completé en 2012 un doctorado en Antropología Social en la Universidad de Aberdeen, Escocia. El proyecto consistió en un estudio antropológico de arqueólogos y otros científicos relacionados, tanto en tierra como en agua, el cual muestra cómo sus entendimientos del tiempo son formados a través de los movimientos y gestos corporales que éstos científicos despliegan en el trascurso de su práctica, a medida que interactúan con las fuerzas del ambiente. Luego de completar mi doctorado, comencé un proyecto postdoctoral sobre ‘Concepciones de tiempo en el estudio interdisciplinar del cambio climático’, cuyos resultados aún me encuentro trabajando. Este proyecto ha sido desarrollado bajo el programa ‘Fragilidad, Adaptación y Resiliencia en el Norte Circumpolar’, uno de cuatro programas financiados por el ‘Proyecto del Norte’ de la Universidad de Aberdeen, generado con el objetivo de establecer colaboraciones interdisciplinarias en ambientes circumpolares. Más recientemente, nuevamente con colegas de la Universidad de Aberdeen, me he involucrado en colaboraciones entre las ciencias, las artes y las humanidades con el objetivo de explorar las propiedades ambientales de materiales relevantes para el Antropoceno, tales como el concreto y el hielo glacial. En este tema lidero actualmente los proyectos Solid Fluids in the Anthropocene (junto a Tim Ingold) y Futuros Concretos, financiados respectivamente por el British Academy for the Humanities and Social Sciences y el Fondo Nacional de Desarrollo Científico y Tecnológico (Fondecyt, Chile).</p>

<!-- This site is optimized with the Yoast SEO plugin v24.6 - https://yoast.com/wordpress/plugins/seo/ -->
<title>Cristian Simonetti</title>
<meta name="description" content="El Centro UC de Desarrollo Local está compuesto por un equipo de profesionales y académicos que dan forma a la misión que tenemos como Centro." />
<meta name="robots" content="index, follow, max-snippet:-1, max-image-preview:large, max-video-preview:-1" />
<link rel="canonical" href="https://centrodesarrollolocal.uc.cl/equipo/cristian-simonetti/" />
<meta property="og:locale" content="en_US" />
<meta property="og:type" content="article" />
<meta property="og:title" content="Cristian Simonetti" />
<meta property="og:description" content="El Centro UC de Desarrollo Local está compuesto por un equipo de profesionales y académicos que dan forma a la misión que tenemos como Centro." />
<meta property="og:url" content="https://centrodesarrollolocal.uc.cl/equipo/cristian-simonetti/" />
<meta property="og:site_name" content="Centro UC Desarrollo Local" />
<meta property="article:modified_time" content="2022-12-12T17:16:22+00:00" />
<meta property="og:image" content="https://centrodesarrollolocal.uc.cl/wp-content/uploads/2022/11/WEB_Cristian-Simonetti.png" />
	<meta property="og:image:width" content="1000" />
	<meta property="og:image:height" content="1000" />
	<meta property="og:image:type" content="image/png" />
<meta name="twitter:card" content="summary_large_image" />
<meta name="twitter:label1" content="Est. reading time" />
	<meta name="twitter:data1" content="1 minute" />
<script type="application/ld+json" class="yoast-schema-graph">{"@context":"https://schema.org","@graph":[{"@type":"WebPage","@id":"https://centrodesarrollolocal.uc.cl/equipo/cristian-simonetti/","url":"https://centrodesarrollolocal.uc.cl/equipo/cristian-simonetti/","name":"Cristian Simonetti","isPartOf":{"@id":"https://centrodesarrollolocal.uc.cl/#website"},"primaryImageOfPage":{"@id":"https://centrodesarrollolocal.uc.cl/equipo/cristian-simonetti/#primaryimage"},"image":{"@id":"https://centrodesarrollolocal.uc.cl/equipo/cristian-simonetti/#primaryimage"},"thumbnailUrl":"https://centrodesarrollolocal.uc.cl/wp-content/uploads/2022/11/WEB_Cristian-Simonetti.png","datePublished":"2022-11-17T16:51:44+00:00","dateModified":"2022-12-12T17:16:22+00:00","description":"El Centro UC de Desarrollo Local está compuesto por un equipo de profesionales y académicos que dan forma a la misión que tenemos como Centro.","breadcrumb":{"@id":"https://centrodesarrollolocal.uc.cl/equipo/cristian-simonetti/#breadcrumb"},"inLanguage":"en-US","potentialAction":[{"@type":"ReadAction","target":["https://centrodesarrollolocal.uc.cl/equipo/cristian-simonetti/"]}]},{"@type":"ImageObject","inLanguage":"en-US","@id":"https://centrodesarrollolocal.uc.cl/equipo/cristian-simonetti/#primaryimage","url":"https://centrodesarrollolocal.uc.cl/wp-content/uploads/2022/11/WEB_Cristian-Simonetti.png","contentUrl":"https://centrodesarrollolocal.uc.cl/wp-content/uploads/2022/11/WEB_Cristian-Simonetti.png","width":1000,"height":1000},{"@type":"BreadcrumbList","@id":"https://centrodesarrollolocal.uc.cl/equipo/cristian-simonetti/#breadcrumb","itemListElement":[{"@type":"ListItem","position":1,"name":"Portada","item":"https://centrodesarrollolocal.uc.cl/"},{"@type":"ListItem","position":2,"name":"Cristian Simonetti"}]},{"@type":"WebSite","@id":"https://centrodesarrollolocal.uc.cl/#website","url":"https://centrodesarrollolocal.uc.cl/","name":"Centro UC Desarrollo Local","description":"Creemos en la importancia de promover y facilitar la sustentabilidad local en una era global","potentialAction":[{"@type":"SearchAction","target":{"@type":"EntryPoint","urlTemplate":"https://centrodesarrollolocal.uc.cl/?s={search_term_string}"},"query-input":{"@type":"PropertyValueSpecification","valueRequired":true,"valueName":"search_term_string"}}],"inLanguage":"en-US"}]}</script>
<!-- / Yoast SEO plugin. -->

El Centro UC de Desarrollo Local está compuesto por un equipo de profesionales y académicos que dan forma a la misión que tenemos como Centro.
